9?
25
Calculate the remainder when 38 is divided by 10.
8
Calculate the remainder when 301 is divided by 288.
13
Calculate the remainder when 4367 is divided by 52.
51
What is the remainder when 4780 is divided by 133?
125
Calculate the remainder when 100 is divided by 41.
18
Calculate the remainder when 182 is divided by 3.
2
Calculate the remainder when 137 is divided by 5.
2
What is the remainder when 166 is divided by 43?
37
What is the remainder when 2330 is divided by 2294?
36
What is the remainder when 108 is divided by 50?
8
What is the remainder when 4044 is divided by 19?
16
Calculate the remainder when 146 is divided by 12.
2
Calculate the remainder when 486 is divided by 126.
108
What is the remainder when 34 is divided by 12?
10
Calculate the remainder when 862 is divided by 287.
1
Calculate the remainder when 43 is divided by 16.
11
Calculate the remainder when 2887 is divided by 10.
7
Calculate the remainder when 1089 is divided by 102.
69
What is the remainder when 181 is divided by 97?
84
Calculate the remainder when 1153 is divided by 5.
3
What is the remainder when 1339 is divided by 507?
325
Calculate the remainder when 46 is divided by 31.
15
Calculate the remainder when 1186 is divided by 41.
38
What is the remainder when 194 is divided by 25?
19
Calculate the remainder when 274 is divided by 249.
25
Calculate the remainder when 2978 is divided by 988.
14
What is the remainder when 7 is divided by 2?
1
Calculate the remainder when 269 is divided by 8.
5
What is the remainder when 6297 is divided by 15?
12
Calculate the remainder when 460 is divided by 22.
20
Calculate the remainder when 1594 is divided by 12.
10
What is the remainder when 4263 is divided by 387?
6
Calculate the remainder when 334 is divided by 15.
4
What is the remainder when 600 is divided by 291?
18
Calculate the remainder when 1336 is divided by 192.
184
What is the remainder when 54 is divided by 30?
24
What is the remainder when 536 is divided by 165?
41
Calculate the remainder when 43 is divided by 7.
1
Calculate the remainder when 327 is divided by 2.
1
What is the remainder when 1183 is divided by 132?
127
Calculate the remainder when 45742 is divided by 16.
14
What is the remainder when 194 is divided by 52?
38
What is the remainder when 1177 is divided by 577?
23
Calculate the remainder when 1401 is divided by 18.
15
What is the remainder when 488 is divided by 97?
3
What is the remainder when 2023 is divided by 46?
45
Calculate the remainder when 602 is divided by 87.
80
Calculate the remainder when 708 is divided by 21.
15
What is the remainder when 241 is divided by 74?
19
Calculate the remainder when 53 is divided by 33.
20
What is the remainder when 60 is divided by 51?
9
What is the remainder when 4131 is divided by 243?
0
Calculate the remainder when 640 is divided by 184.
88
What is the remainder when 282 is divided by 62?
34
Calculate the remainder when 777 is divided by 15.
12
What is the remainder when 1358 is divided by 47?
42
Calculate the remainder when 656 is divided by 50.
6
What is the remainder when 11915 is divided by 17?
15
Calculate the remainder when 299 is divided by 242.
57
What is the remainder when 239 is divided by 41?
34
What is the remainder when 590 is divided by 113?
25
What is the remainder when 73 is divided by 13?
8
What is the remainder when 486 is divided by 70?
66
What is the remainder when 191 is divided by 13?
9
Calculate the remainder when 249 is divided by 42.
39
Calculate the remainder when 524 is divided by 261.
2
Calculate the remainder when 783 is divided by 93.
39
What is the remainder when 4703 is divided by 92?
11
Calculate the remainder when 356 is divided by 353.
3
What is the remainder when 60 is divided by 5?
0
Calculate the remainder when 82 is divided by 56.
26
What is the remainder when 108 is divided by 29?
21
Calculate the remainder when 284 is divided by 51.
29
Calculate the remainder when 1040 is divided by 105.
95
Calculate the remainder when 180 is divided by 156.
24
Calculate the remainder when 157 is divided by 80.
77
Calculate the remainder when 813 is divided by 37.
36
What is the remainder when 3552 is divided by 62?
18
Calculate the remainder when 612 is divided by 154.
150
What is the remainder when 116 is divided by 47?
22
What is the remainder when 22439 is divided by 33?
32
What is the remainder when 105 is divided by 31?
12
What is the remainder when 60 is divided by 7?
4
What is the remainder when 346 is divided by 91?
73
What is the remainder when 691 is divided by 21?
19
Calculate the remainder when 216 is divided by 73.
70
What is the remainder when 192 is divided by 18?
12
What is the remainder when 231 is divided by 39?
36
Calculate the remainder when 52 is divided by 3.
1
Calculate the remainder when 127 is divided by 99.
28
Calculate the remainder when 590 is divided by 39.
5
Calculate the remainder when 7406 is divided by 57.
53
What is the remainder when 1305 is divided by 246?
75
Calculate the remainder when 327 is divided by 260.
67
Calculate the remainder when 3077 is divided by 28.
25
What is the remainder when 179 is divided by 43?
7
What is the remainder when 595 is divided by 127?
87
Calculate the remainder when 542 is divided by 60.
2
Calculate the remainder when 1149 is divided by 192.
189
Calculate the remainder when 63 is divided by 14.
7
What is the remainder when 236 is divided by 20?
16
What is the remainder when 1689 is divided by 54?
15
Calculate the remainder when 538 is divided by 45.
43
Calculate the remainder when 125 is divided by 93.
32
Calculate the remainder when 347 is divided by 305.
42
Calculate the remainder when 271 is divided by 128.
15
What is the remainder when 458 is divided by 119?
101
What is the remainder when 1306 is divided by 18?
10
Calculate the remainder when 1956 is divided by 89.
87
What is the remainder when 181 is divided by 31?
26
What is the remainder when 190 is divided by 82?
26
What is the remainder when 299 is divided by 25?
24
Calculate the remainder when 95 is divided by 25.
20
Calculate the remainder when 16757 is divided by 111.
107
What is the remainder when 1591 is divided by 79?
11
Calculate the remainder when 514 is divided by 37.
33
Calculate the remainder when 76 is divided by 59.
17
What is the remainder when 139 is divided by 47?
45
What is the remainder when 54 is divided by 24?
6
Calculate the remainder when 2452 is divided by 1217.
18
What is the remainder when 7 is divided by 3?
1
What is the remainder when 3722 is divided by 19?
17
What is the remainder when 486 is divided by 82?
76
Calculate the remainder when 975 is divided by 62.
45
Calculate the remainder when 2020 is divided by 25.
20
What is the remainder when 58 is divided by 15?
13
What is the remainder when 288 is divided by 12?
0
Calculate the remainder when 11642 is divided by 41.
39
What is the remainder when 63 is divided by 8?
7
What is the remainder when 930 is divided by 49?
48
Calculate the remainder when 2273 is divided by 448.
33
What is the remainder when 1365 is divided by 333?
33
What is the remainder when 399 is divided by 167?
65
What is the remainder when 5946 is divided by 1485?
6
What is the remainder when 996 is divided by 356?
284
Calculate the remainder when 869 is divided by 13.
11
What is the remainder when 64 is divided by 25?
14
Calculate the remainder when 68 is divided by 37.
31
What is the remainder when 189 is divided by 55?
24
Calculate the remainder when 850 is divided by 180.
130
What is the remainder when 277 is divided by 93?
91
What is the remainder when 2813 is divided by 134?
133
Calculate the remainder when 557 is divided by 17.
13
Calculate the remainder when 682 is divided by 43.
37
Calculate the remainder when 439 is divided by 34.
31
Calculate the remainder when 529 is divided by 11.
1
Calculate the remainder when 3884 is divided by 432.
428
What is the remainder when 1526 is divided by 84?
14
Calculate the remainder when 647 is divided by 216.
215
What is the remainder when 2823 is divided by 351?
15
Calculate the remainder when 729 is divided by 35.
29
What is the remainder when 218 is divided by 44?
42
What is the remainder when 4532 is divided by 28?
24
Calculate the remainder when 1133 is